 s(g) = g**2 + 9*g + 9. Let d(x) be the second derivative of x**3/6 - 8*x**2 + x. Let f be d(7). What are the prime factors of s(f)?
3
Let r be -3 + (19 - (-2)/(-1)). Let n = r - 10. What are the prime factors of n?
2
Let b = -11 + 17. Let s be (-68)/(-3) + 2/b. Let a = s - 16. List the prime factors of a.
7
Suppose -5*v + 5*c = 2*c - 411, -5*v - 3*c + 429 = 0. What are the prime factors of v?
2, 3, 7
Let m(x) = 10*x. Let f(a) = a**2 - 4*a + 1. Let c be f(5). Let k be m(c). Suppose 0 = 3*y + 2*y - k. List the prime factors of y.
2, 3
Let t(g) = 10*g**3 + g**2 - g + 1. Let v(r) = -r**2 + r. Let b(s) = -t(s) - v(s). Let q be b(-1). Suppose -4*u - q = -5*u. List the prime factors of u.
3
Let t = 165 + -71. What are the prime factors of t?
2, 47
Let i(g) = -5*g**3 - 6*g**2 - g - 3. Let j be i(-4). Suppose 6*l - l = j. List the prime factors of l.
3, 5
Suppose -3*l + 3*g = 24, -l = l + g + 7. Let u(h) = -2*h + 1. List the prime factors of u(l).
11
Suppose 0 = -3*s - 0*w + 2*w + 5, 0 = s - 5*w + 7. Suppose -7*d + 5*v + 4 = -s*d, -3*d - 2 = -5*v. What are the prime factors of d?
2, 3
List the prime factors of 3639/45 - (28/(-30))/7.
3
Let b(u) = -6*u**2 + 12*u + 10. Let l(w) = 7*w**2 - 13*w - 11. Let o(t) = -6*b(t) - 5*l(t). Let h be o(9). What are the prime factors of h - (4/2)/1?
11
Let a be (-2)/7 + (-158)/(-14). Suppose 2*w - a = 3. What are the prime factors of w?
7
Suppose 4*q = z, -z = q + 2*z. Let t = 13 + q. List the prime factors of t.
13
Suppose 2*l + 10 = 0, 3*r - 76 - 201 = 5*l. What are the prime factors of r?
2, 3, 7
Let u(r) = -r**2 + 6*r + 4. Let y be u(6). Let a = -1 + 1. What are the prime factors of 1*(3*y - a)?
2, 3
Suppose 7*s - 9*s = -120. Let q = s + -33. What are the prime factors of q?
3
Suppose 0 = -2*r - r. Suppose -j + 3 = -r*j. What are the prime factors of j?
3
Suppose j - 83 - 75 = f, -2*f + 296 = 2*j. What are the prime factors of j?
3, 17
Let u be 1/2*(-68)/2. Suppose 0 = -0*i - 2*i - 52. Let b = u - i. List the prime factors of b.
3
Let c = 3 + 17. Suppose k - 10 = -2*b - 0*k, -k - c = -3*b. What are the prime factors of b?
2, 3
List the prime factors of ((-1503)/27)/((-14)/6 + 2).
167
Let z = -2 + 2. Suppose -5*l + 7 + 3 = z. Suppose -l*x = -27 + 3. List the prime factors of x.
2, 3
What are the prime factors of 6/15 - (-5)/((-100)/(-4252))?
3, 71
Suppose 1 = -5*b - 4, 2*b + 166 = 2*j. What are the prime factors of j?
2, 41
Suppose 3*p - 2 = 7. Suppose 80 = -p*u + u. List the prime factors of 2/7 + u/(-7).
2, 3
Suppose 4*v - 745 = -v. Suppose -3*r + v - 38 = 0. List the prime factors of r.
37
Let q = 10 - 1. Suppose w + q = 31. Let n = 33 - w. List the prime factors of n.
11
Let x be (-15)/(-2)*4/5. Let s be (2 + -8)*4/x. Let v = 14 + s. List the prime factors of v.
2, 5
Suppose v = -5*m + 5*v + 246, -4*v - 46 = -m. List the prime factors of m.
2, 5
Suppose 0*j = 3*j + 2*c + 4, 6 = 2*j - 3*c. Suppose 2*d + 3 - 55 = j. List the prime factors of d.
2, 13
Let l(c) = 6*c - 1. Let p be l(1). Let y be 3/p + 504/35. Suppose -5*h + t = -81, -5*h + y = -4*h + t. List the prime factors of h.
2
Let m = 10 - -1. What are the prime factors of m?
11
Suppose 0*m + 3*m = 81. Suppose -4*r + m = -1. What are the prime factors of r?
7
Let h be 1/((-2)/(-18)*3). Let a = 5 + h. List the prime factors of a.
2
Let y be (-2)/(-4) + (-10)/(-4). Let r be ((-2)/y - -1)*0. Suppose -48 = -r*a - 4*a. What are the prime factors of a?
2, 3
Let x(s) = 2*s + 13. Suppose 23 = -3*l + 4*b, b = 2*b + 1. Let p be x(l). List the prime factors of p*((-48)/15 - 0).
2
Suppose 5*r + 5*s - 49 - 26 = 0, -4*s - 15 = -r. What are the prime factors of r?
3, 5
Let d = -36 - -51. List the prime factors of d.
3, 5
Let q(d) = 2*d**2 - 7*d + 6. Let x = 0 - 3. Let m = 7 + x. List the prime factors of q(m).
2, 5
Let l be 0/(-1 - (-4)/(-2)). Let h be 5/10*l/1. Suppose -i = 3*m + 4*i - 34, 4*m + 2*i - 22 = h. What are the prime factors of m?
3
Suppose -i + 236 = -4*z, -3*z + 6*i - 2*i - 190 = 0. List the prime factors of z*((-21)/(-6) - 4).
29
Suppose 0 = 2*a + 2*g + 4, 0*a = -2*a + 3*g + 11. Suppose a = 2*l - 1. Suppose -l = -3*p + 23. List the prime factors of p.
2
Let f(a) = a**3 - a**2 - 3*a. Let i(x) = -x - 1. Let y be i(-4). List the prime factors of f(y).
3
Let i be (-8)/6*(2 - 5). Suppose -175 - 1 = -i*g. What are the prime factors of g?
2, 11
Let j be (-8)/(-3)*(-9)/(-6). Let o be 7 + (-4)/(-6)*-3. Suppose -4*r - o*b + 35 = j, 1 = -b. List the prime factors of r.
3
Let q = -43 + 71. List the prime factors of q.
2, 7
Let j = 189 - 129. List the prime factors of j.
2, 3, 5
Let z(w) = -w**3 + 6*w**2 + 6. Let m be z(6). What are the prime factors of (-21)/(-2) + m/12?
11
Let g(f) = f**3 + 8*f**2 + 6*f - 5. Let t be g(-5). Suppose 7*u - 21 = s + 2*u, -7 = -3*s + u. Suppose h + s*h - t = 0. List the prime factors of h.
2
Suppose -5*p + 14 = -86. List the prime factors of p.
2, 5
Suppose -68 - 212 = -10*b. List the prime factors of b.
2, 7
Let k(u) = u**3 - 5*u**2 + 2*u - 8. What are the prime factors of k(6)?
2, 5
Let x be 5 + 0/1 + -2. Suppose -x*z + 240 = 2*z. List the prime factors of z.
2, 3
List the prime factors of (0 - -2)*(106/4 - -2).
3, 19
Suppose -2*k = b + k - 38, b = 2*k + 18. Suppose -z - b = -3*z. List the prime factors of z.
13
Suppose 5*c = 2*a + 2, -a + 16 = a + 4*c. Let l(q) = 6*q**2 - 4*q + 4. Let p be l(a). Suppose 0 = 5*d - p + 24. List the prime factors of d.
2, 3
List the prime factors of (-16)/24 + 152/3.
2, 5
Suppose -5*y + 4*s - 69 = 2*s, -3*y - 51 = 2*s. Let j(q) = -q**3 - 15*q**2 - 4*q - 20. List the prime factors of j(y).
2, 5
Let x be 12/20 + (-9)/15. Suppose -2*q - 4*l - l + 2 = x, -4*q - l + 22 = 0. What are the prime factors of q?
2, 3
Suppose 4*n = 41 + 63. What are the prime factors of n?
2, 13
Let d be 13/3 - (-1)/(-3). Suppose v - d*v = 27. Let h = v - -19. List the prime factors of h.
2, 5
Suppose 917 = -8*a + 15*a. What are the prime factors of a?
131
Suppose u + 0*u - 6 = 0. Suppose -u*z + z = -50. List the prime factors of z.
2, 5
Suppose -4*c - 12 = 0, -5*s + 4*c - 5*c = -437. What are the prime factors of s?
2, 11
Let h be 7 + (-3)/6*0. List the prime factors of 51/7 - 2/h.
7
Let t be (2 + -1 - -7)*3. Let u = t - 5. List the prime factors of u.
19
Suppose -x - 2*x = 4*v, 0 = 4*v. Suppose -u = u - 2*m - 10, -2*u + 3*m + 5 = x. What are the prime factors of u?
2, 5
Let q(k) = -k - 10. Let t be q(-7). Let o be t/(-6)*-3*2. Let x = o - -12. List the prime factors of x.
3
Let o = 8 + 2. Suppose -5*y + 100 = o. Suppose -u - p = -6*u + y, 3*u = p + 12. What are the prime factors of u?
3
Let d = -2 - -18. What are the prime factors of d?
2
Let v(u) = 8*u - 12. List the prime factors of v(5).
2, 7
Suppose -f = s - 12, -5*s + 72 = -2*f + 3*f. What are the prime factors of (20/s)/((-2)/(-6))?
2
Let g(m) = -m - 8. Let r be g(-10). Suppose -50 = -r*f + 4*a, -5*a + 3*a + 6 = 0. Suppose f = 3*x - 2. List the prime factors of x.
11
Let l = 5 + 0. Suppose 0*w + 4*j = 2*w + 8, -2 = l*w - 4*j. What are the prime factors of w?
2
Let j be ((-2)/6)/((-1)/9). Suppose 7*r - 48 = -4*s + j*r, 5*r = s - 12. What are the prime factors of s?
2, 3
Let z be (1 - -1)/(-2)*0. Suppose -2*o - 2*s + 4 = 0, z = -2*o - o + 2*s + 6. List the prime factors of o.
2
Suppose w = 4*d + 148, 8*w - 3*w = 4*d + 804. List the prime factors of w.
2, 41
Suppose -h + 3*h = 184. What are the prime factors of h?
2, 23
Suppose -17 = 5*x - 102. What are the prime factors of x?
17
Let x(q) = -3*q - 6. Let l(g) = -2*g**3 - g. Let r be l(1). What are the prime factors of x(r)?
3
Suppose -7*b + 116 = -3. What are the prime factors of b?
17
Let q(a) = 5*a - 3. Let t(v) = v**3 - v**2 + v - 2. Let x be t(0). Let m be -2 + 4/(x + 3). List the prime factors of q(m).
7
Suppose -12 = -3*s, 3*s + 102 = 2*k + 6*s. List the prime factors of k.
3, 5
Let b = 193 - 109. Suppose -4*u + b = -0*u. Suppose 0 = 5*s - 9 - u. What are the prime factors of s?
2, 3
Let z(m) = -m - 1. Let g be z(5). What are the prime factors of (0 + (-4)/6)*g?
2
Let c be (-2)/6*0 + 0. Suppose -m + 14 = -c*m. Suppose 3*t + m = 2*j, 0 = -j - 3*t + 8*t + 7. What are the prime factors of j?
7
Suppose 10*l = 7*l + 60. Let s = -2 + l. What are the prime factors of s?
2, 3
Let w(k) be the first derivative of k**4/4 + 2*k**3